e factors of 3989073234.
2, 3, 937, 709547
What are the prime factors of 444658514?
2, 647, 343631
List the prime factors of 45902730.
2, 3, 5, 1530091
List the prime factors of 23848896.
2, 3, 124213
What are the prime factors of 1781116907?
1781116907
List the prime factors of 19902892.
2, 37, 89, 1511
What are the prime factors of 33280534?
2, 7, 109, 113, 193
List the prime factors of 1416014696.
2, 3923, 45119
What are the prime factors of 162498697?
19, 8552563
List the prime factors of 704235251.
17, 41425603
List the prime factors of 28054233.
3, 17, 183361
What are the prime factors of 2001136439?
79, 25330841
List the prime factors of 108935328.
2, 3, 757, 1499
What are the prime factors of 353466757?
7, 61, 827791
List the prime factors of 70062303.
3, 71, 328931
What are the prime factors of 107394170?
2, 5, 13, 41, 20149
List the prime factors of 1095322607.
1095322607
List the prime factors of 2640639784.
2, 17, 19416469
What are the prime factors of 5124460963?
5124460963
What are the prime factors of 1527823112?
2, 313, 691, 883
What are the prime factors of 429643386?
2, 3, 2111, 3769
What are the prime factors of 595887346?
2, 2647, 112559
List the prime factors of 2302017738.
2, 3, 29, 499, 26513
List the prime factors of 187630380.
2, 3, 5, 7, 148913
What are the prime factors of 99949181?
83, 1204207
What are the prime factors of 326694093?
3, 11, 23, 430427
What are the prime factors of 2914613624?
2, 13, 137, 204563
What are the prime factors of 192405308?
2, 277, 173651
List the prime factors of 2774911389.
3, 43, 71, 302971
List the prime factors of 2623513768.
2, 19, 23, 29, 113, 229
What are the prime factors of 2302921278?
2, 3, 7, 179, 102107
What are the prime factors of 72139465?
5, 227, 63559
List the prime factors of 178590691.
178590691
List the prime factors of 559585519.
79, 7083361
What are the prime factors of 142697138?
2, 41, 1740209
What are the prime factors of 142623247?
13, 29, 149, 2539
What are the prime factors of 389503938?
2, 3, 64917323
List the prime factors of 115351433.
127, 223, 4073
List the prime factors of 2428934548.
2, 73, 113, 73613
List the prime factors of 747901358.
2, 29, 61, 137, 1543
List the prime factors of 82062111.
3, 17, 1609061
List the prime factors of 52694376.
2, 3, 7, 83, 3779
What are the prime factors of 66624480?
2, 3, 5, 13, 3559
List the prime factors of 12217281.
3, 4072427
List the prime factors of 1791720026.
2, 19, 47150527
List the prime factors of 12186688.
2, 17, 23, 487
List the prime factors of 2719449470.
2, 5, 5749, 47303
List the prime factors of 3233598434.
2, 11, 13361977
What are the prime factors of 65486820?
2, 3, 5, 7, 155921
What are the prime factors of 3895991646?
2, 3, 2797, 232153
What are the prime factors of 1033280532?
2, 3, 3517, 8161
List the prime factors of 328623019.
328623019
What are the prime factors of 101717954?
2, 13, 3912229
What are the prime factors of 28677314?
2, 14338657
What are the prime factors of 458718401?
458718401
List the prime factors of 87717890.
2, 5, 13, 103, 6551
What are the prime factors of 39378606?
2, 3, 59, 173, 643
List the prime factors of 950261569.
31, 30653599
List the prime factors of 54601536.
2, 3, 11, 103, 251
What are the prime factors of 126968095?
5, 31, 819149
List the prime factors of 57526721.
7, 61, 199, 677
List the prime factors of 185578727.
185578727
What are the prime factors of 8266428282?
2, 3, 7, 41, 313
List the prime factors of 567604120.
2, 5, 23, 616961
List the prime factors of 945381836.
2, 7, 33763637
List the prime factors of 4492942755.
3, 5, 7, 42789931
What are the prime factors of 662885645?
5, 23, 719, 8017
What are the prime factors of 140964763?
140964763
What are the prime factors of 83664109?
773, 108233
What are the prime factors of 101980293?
3, 523, 64997
What are the prime factors of 1412980687?
17, 83116511
List the prime factors of 2427693669.
3, 19, 31, 157, 2917
List the prime factors of 10437469.
7, 23, 241, 269
What are the prime factors of 1056963498?
2, 3, 3307, 53269
List the prime factors of 126302672.
2, 79, 99923
What are the prime factors of 2543581991?
42773, 59467
What are the prime factors of 4244975?
5, 7, 127, 191
List the prime factors of 267259711.
31, 8621281
List the prime factors of 243695658.
2, 3, 47, 864169
What are the prime factors of 1347539870?
2, 5, 23, 733, 7993
What are the prime factors of 2785606627?
463, 6016429
What are the prime factors of 835778578?
2, 97, 223, 19319
What are the prime factors of 1338553664?
2, 7, 2987843
List the prime factors of 248237765.
5, 49647553
List the prime factors of 641588.
2, 160397
What are the prime factors of 21175141?
13, 1628857
List the prime factors of 87075952.
2, 5442247
What are the prime factors of 164829640?
2, 5, 4120741
What are the prime factors of 303107620?
2, 5, 17, 891493
List the prime factors of 4756299356.
2, 1189074839
List the prime factors of 383249458.
2, 61, 3141389
What are the prime factors of 383468852?
2, 13, 2311, 3191
List the prime factors of 230257036.
2, 1087, 52957
What are the prime factors of 11141699?
37, 301127
What are the prime factors of 224159631?
3, 53, 181, 7789
List the prime factors of 119060323.
2003, 59441
What are the prime factors of 15834665?
5, 7, 11, 3739
List the prime factors of 87832688.
2, 863, 6361
List the prime factors of 48768000.
2, 3, 5, 127
List the prime factors of 55644958.
2, 19, 23, 63667
What are the prime factors of 252703987?
421, 600247
What are the prime factors of 230200784?
2, 11, 653, 2003
What are the prime factors of 3089147760?
2, 3, 5, 37, 38653
What are the prime factors of 211959083?
7, 43, 704183
What are the prime factors of 81090962?
2, 23, 337, 5231
What are the prime factors of 1533573148?
2, 2309, 166043
List the prime factors of 2550089325.
3, 5, 7, 401, 12113
List the prime factors of 103583000.
2, 5, 103583
What are the prime factors of 7283792?
2, 455237
What are the prime factors of 1727663209?
577, 1549, 1933
List the prime factors of 2174974001.
23, 281, 336527
What are the prime factors of 62162717?
47, 1322611
What are the prime factors of 15173878?
2, 7586939
What are the prime factors of 75941779?
75941779
List the prime factors of 91376751.
3, 17, 1791701
What are the prime factors of 390364166?
2, 17, 2801, 4099
List the prime factors of 195096551.
13, 53, 283159
What are the prime factors of 188862309?
3, 47, 137, 3259
List the prime factors of 87917868.
2, 3, 23, 106181
List the prime factors of 1306117024.
2, 6037, 6761
What are the prime factors of 101954330?
2, 5, 127, 80279
List the prime factors of 211722714.
2, 3, 7, 560113
List the prime factors of 132445707.
3, 23, 1919503
What are the prime factors of 738613371?
3, 246204457
What are the prime factors of 162282399?
3, 47, 1150939
List the prime factors of 4509836.
2, 41, 107, 257
What are the prime factors of 1111766966?
2, 555883483
List the prime factors of 2741634735.
3, 5, 7, 19, 163, 8431
What are the prime factors of 7157237?
7157237
What are the prime factors of 118936772?
2, 23, 29, 44579
List the prime factors of 2566722393.
3, 101, 523, 5399
What are the prime factors of 172461758?
2, 7, 103, 199, 601
What are the prime factors of 157179814?
2, 11, 41, 174257
What are the prime factors of 27985275?
3, 5, 61, 2039
What are the prime factors of 125107817?
103, 1214639
What are the prime factors of 5565290026?
2, 103, 367, 73613
What are the prime factors of 1085901553?
11, 23, 390191
List the prime factors of 4147455746.
2, 7, 53, 773, 1033
What are the prime factors of 1132722387?
3, 1553803
List the prime factors of 275092394.
2, 11047, 12451
List the prime factors of 10878100.
2, 5, 181, 601
List the prime factors of 503763209.
443, 1137163
What are the prime factors of 188869685?
5, 1021, 36997
List the prime factors of 98465991.
3, 13, 29, 37, 181
List the prime factors of 298780139.
7, 31, 181, 7607
List the prime factors of 1527461486.
2, 281, 2717903
What are the prime factors of 2757347811?
3, 19, 29, 61781
What are the prime factors of 752756297?
53, 461, 30809
List the prime factors of 449115702.
2, 3, 7, 10693231
List the prime factors of 1356987356.
2, 8821, 38459
List the prime factors of 878961189.
3,